 the remainder when l is divided by 21?
19
Let w(a) = -a**3 - 8*a**2 + 46*a - 7. Let u be w(-12). Let f = 60 - u. What is the remainder when 82 is divided by f?
39
Suppose 21 = u + 4*v - 31, 0 = -2*u + 3*v + 115. Let j = -3 + 3. Suppose -5*a + u = -j*s + s, 5*s + 44 = 2*a. What is the remainder when 21 is divided by a?
9
Let z = -116 + 81. Suppose -28*f = -37*f - 153. Let y = f - z. What is the remainder when y is divided by 5?
3
Suppose -339 = -3*d + 297. Let y = d + -201. Calculate the remainder when 283 is divided by y.
8
Let u(c) = -114*c + 943. What is the remainder when 68 is divided by u(8)?
6
Let m = 75 - 33. Let j = m + -25. What is the remainder when (-2 - (3 - 70))/(4 + -3) is divided by j?
14
Let u be (2/(-4))/((-11)/(-528)). Suppose -4*c = -2*g - 4, -3 = -3*c + g - 4*g. What is the remainder when 38 is divided by ((-8)/u)/(c/12)?
2
Suppose 545*n + 1957 = 5*c + 544*n, 3*c = -3*n + 1149. Calculate the remainder when c is divided by 28.
26
Suppose 0 = 30*a - 693 - 987. What is the remainder when 459 is divided by a?
11
Let t = 11788 - 11507. Calculate the remainder when 380 is divided by t.
99
Let f = 140 + -215. Let i = f - -102. Calculate the remainder when i is divided by 7.
6
Let n = -23191 + 23310. Calculate the remainder when 7377 is divided by n.
118
Let k = -441 + 446. What is the remainder when 58 is divided by (-2 - 100/k)/(-2)?
3
Let x = -954 + 1319. Let w = x - 278. Calculate the remainder when 259 is divided by w.
85
What is the remainder when ((-2646)/(-35))/((-24)/2000*-5) is divided by 12?
0
Let w = -7618 - -7673. What is the remainder when w is divided by 9?
1
Let t(o) = 32*o + 289. What is the remainder when t(5) is divided by 49?
8
Calculate the remainder when (-2)/(((-9)/18)/((-1)/2))*-83 is divided by 44.
34
Let s = 338 - 678. Let o = s - -353. Calculate the remainder when 674 is divided by o.
11
Let k be -1 - 3 - (-80)/2. Let y = 61 - k. Suppose -y*w = -21*w - 60. Calculate the remainder when 58 is divided by w.
13
Let y(c) = -c**3 + 4*c**2 - 1. Let f be y(1). Suppose u - 85 - 39 = -q, -3*u = f*q - 376. Calculate the remainder when u is divided by 37.
17
Let m be (-1)/(6 - (-4719)/(-786)). Suppose -108*i + 110*i = m. Suppose 4*q - 113 = 19. What is the remainder when i is divided by q?
32
Let y(d) = 2*d**3 - 14*d**2 + 17*d - 14. Suppose -u + 3*r = -3*u + 15, u - 8 = -2*r. What is the remainder when (-4)/2 + (-57)/(-1) is divided by y(u)?
7
Let b(p) = -p**3 - 143*p**2 - 137*p + 757. What is the remainder when 6570 is divided by b(-142)?
37
Let t = 39 + -36. Suppose -5*j = r - 40, 0*r + j + 184 = t*r. Calculate the remainder when r is divided by (-8)/(-5)*(22 + -12).
12
Let q(c) = 4*c**2 - 4*c + 5. Let y be q(2). Let m(p) = p**3 - 13*p**2 + 6*p. Let l be m(y). What is the remainder when 38 is divided by ((-3)/6 - 0)/((-3)/l)?
12
Calculate the remainder when 670 is divided by ((-44)/4 + 3/(-6))*-58.
3
Let v = -168 - -281. Suppose 4*c + 83 = 5*q, 2*q - 41 = -12*c + 11*c. Calculate the remainder when v is divided by q.
18
Suppose 2*w - 5*u - 111 = 0, -48 = -4*w - 2*u + 90. Calculate the remainder when w is divided by 13.
12
Let l(m) = -2*m**2 - m + 2. Let x be l(3). Let g = x + 23. Suppose -44 = -5*w + 4*b + 43, -34 = -2*w + 2*b. Calculate the remainder when w is divided by g.
3
What is the remainder when ((440/(-420))/(-22))/((-1)/6)*-182 is divided by 9?
7
Let l(x) = -350*x**3 + x**2 + x. Let i be l(-1). Suppose 7*y + 35 = i. Let a = 54 - y. What is the remainder when 15 is divided by a?
6
Let v be (-38)/(-8) + (-1)/(-4). Calculate the remainder when 2/v - 699/(-15) is divided by 4/(515/(-20) + 26).
15
Let g(z) = z**2 + 6*z - 13. Let h be g(2). Suppose -5*w - 3*y - 2*y = -90, -h = -y. Calculate the remainder when 55 is divided by w.
10
Suppose 80*v = 93*v - 5343. Calculate the remainder when v is divided by 102.
3
Let s be (-20 - -2)/(-6) - (1 + 1). Let r be s/((-1)/44*-4). Suppose -441 = -r*m - 155. What is the remainder when 77 is divided by m?
25
Let f = -15201 - -15225. Calculate the remainder when 249 is divided by f.
9
Let o be (-20)/((-115)/30 - -3). Let z(t) = -t**3 + 25*t**2 - 18*t - 64. What is the remainder when z(o) is divided by 21?
17
Suppose 15*x + 10602 = 46*x. Calculate the remainder when x is divided by 47.
13
Suppose 136 = 4*v - w, 4*v - 57 = v + 12*w. Calculate the remainder when 2029 is divided by v.
34
Suppose 3*y - 4*k = -0*y - 347, -3*y = 5*k + 356. Let o = 158 - 114. Calculate the remainder when o is divided by 26/y - 110/(-9).
8
Let f(b) = -b**3 - 2*b**2 + 20*b + 56. Let q be f(-6). Suppose -826 - q = -6*u. What is the remainder when u is divided by (-22)/3*(1 + -4)?
19
Calculate the remainder when (-1025)/5*68/(-170) is divided by 23.
13
Suppose -136 = -2*x + 116 - 16. What is the remainder when 496 is divided by x?
24
Let z = 4737 + -4602. What is the remainder when 502 is divided by z?
97
Suppose 4*j = -5*z - 2022, 4*z = 6*j - 5*j + 495. Let u = 544 + j. Calculate the remainder when u is divided by 9.
5
Let t = 5575 + -5557. What is the remainder when 5034 is divided by t?
12
Let c = -7934 - -8016. Calculate the remainder when 650 is divided by c.
76
Let g = 10083 - 9007. Calculate the remainder when g is divided by 83.
80
Let c(a) = 5 + 2*a + 0*a**3 - a**2 + a**3 - 7. Let p(n) = n**3 - 6*n**2 - 11*n + 71. What is the remainder when c(2) is divided by p(6)?
1
Let j be 6/(-9) - (3 + (-249)/9). Let v = j + -19. Suppose -55 = -u - 4*i, -v*u - 16*i = -18*i - 253. Calculate the remainder when u is divided by 21.
9
Let b be (2/2)/(588/36 + -16). Suppose -1 + 286 = b*l. Calculate the remainder when 569 is divided by l.
94
Suppose 3*n = 2*o - 196, -82*o = -86*o - 4*n + 332. What is the remainder when 523 is divided by o?
78
Let n(l) = -l**2 - 19*l + 73. Suppose -1211*g + 1216*g + 100 = 0. What is the remainder when n(g) is divided by 7?
4
Let f be 1*-86*(3 + -2). Let g = 185 - 212. Let u = g - f. Calculate the remainder when u is divided by 31.
28
Suppose -12*f = -27*f + 2745. Suppose -3*g = d - 37, d + 3*d = -5*g + f. What is the remainder when d is divided by 11?
8
Let a = -7101 + 7150. Let s(c) = c**3 + 8*c**2 - 3*c - 5. Suppose 0*w + 25 = 5*w, 0 = 5*p + 4*w + 20. Calculate the remainder when a is divided by s(p).
11
Let o be (4 - (-12)/(-6)) + 1. Calculate the remainder when (7 - o - (6 + -7)) + 69 is divided by 10.
4
Let q be (-1267)/(-5) - (-3 - 119/(-35)). Let p = q + -144. Let d = p - 80. What is the remainder when d is divided by 11?
7
Suppose -5*q - 132 = -402. Calculate the remainder when (-159 + 158)*(-151)/1 is divided by q.
43
Suppose -4*w = -0*w - s - 263, -5*w - 5*s + 360 = 0. Let j = -65 + w. What is the remainder when 29 is divided by -2*1/(j/(-17) + 0)?
12
Let w(v) = -16*v**3 + v**2 + 7. Let h(b) = -15*b**3 - b + 6. Let n(m) = -2*h(m) + 3*w(m). What is the remainder when n(-2) is divided by 58?
45
Let y(p) = 30*p**2 + p + 2. Let o = 165278 + -165240. What is the remainder when y(5) is divided by o?
35
Let w = -25580 + 25986. Calculate the remainder when w is divided by 361.
45
Let k = -5086 - -5401. Calculate the remainder when k is divided by 3.
0
Let r = 159 + -131. Calculate the remainder when r is divided by (6 - 10) + 13 - -6.
13
Let q = 7125 + -7120. Let z(d) = -d**3 - 4*d**2 - 4*d. Let c be z(-3). Suppose -u = -c*u + 10. What is the remainder when q is divided by u?
0
Suppose 0 = 11*h - 13 - 20. Suppose -4*y + 1644 = -j, 4*j = -8*y + h*y + 2034. Calculate the remainder when 119 is divided by (-2)/(-28)*4 - y/(-35).
11
Let t be -1*(-4)/(-4) + -18 + 12. Let r = 143 - 78. Calculate the remainder when r is divided by 0 + 28/t + 41.
28
Let c = 965 - 916. Calculate the remainder when 2106 is divided by c.
48
Let s(d) = 2*d**2 - 30*d - 24. Let j be s(16). Calculate the remainder when 121 is divided by (-372)/(-6) - j/(-4).
57
Suppose -l - 1 = 5*x - 8, -4*x = -2*l + 70. Suppose 553 = -20*p + l*p. What is the remainder when p is divided by 30?
19
Let z(f) = 2*f**2 - 3*f + 1. Suppose 20 = 74*n - 72*n. Suppose s + 4*u - n = 6, -u - 32 = -2*s. Calculate the remainder when z(-4) is divided by s.
13
Calculate the remainder when ((-2)/(-30))/(8/49236) - (-72)/(-240) is divided by 42.
32
Suppose 0 = -4*x - 0*x + 96. Suppose 22*k - 88 = 18*k. Suppose -360 = k*f - 30*f. Calculate t